ainder when w is divided by y.
11
Suppose -104 = -5*s + 71. Suppose -5*y - 3*f - 2*f = -s, -5*f + 14 = 2*y. Let z = y - -11. What is the remainder when 33 is divided by z?
15
Suppose -119*z + 124*z = 2*k - 145, 2*z - 170 = -3*k. Calculate the remainder when 777 is divided by k.
57
Let z be (-6)/(-18) - 166/(-6). Let r = -19 + z. Calculate the remainder when r is divided by 6.
3
Suppose 0 = -3*x + 8*x - 5*z - 75, 2*x + 3*z - 25 = 0. Suppose 5*u - 2*h - 201 = 0, 3*u + 2*h - 10 - 117 = 0. What is the remainder when u is divided by x?
13
Let f(q) = -56*q + 1 + 131*q - 62*q. Calculate the remainder when f(2) is divided by 16.
11
Calculate the remainder when 2*(-47 - 6)*-1 is divided by 59.
47
Let w(v) = 3*v**2 - 8*v + 26. Let u = -88 - -94. Calculate the remainder when w(u) is divided by 22.
20
Let u(c) = 56*c + 5. Calculate the remainder when 240 is divided by u(1).
57
Suppose -5*k + 297 + 173 = 0. Suppose -2*g = -4*x - 50, 6*g - 2*g - 5*x - k = 0. What is the remainder when g is divided by 13?
8
Suppose 5 = 2*r - 9. Suppose 5*s = 2*s - 3. What is the remainder when ((s + 0)*-1)/(2/22) is divided by r?
4
Calculate the remainder when 58 is divided by 16 - (19 + (-54)/6).
4
Suppose -22*d + 18*d + 20 = 0. Suppose b - 4*j = -3*b + 20, b - 29 = -d*j. Let q = 34 + -30. What is the remainder when b is divided by q?
1
Let g = 100 - -8. Suppose 3*w = -2*o + 334 - g, -2*o + 10 = 0. Calculate the remainder when w is divided by 25.
22
Let j = 654 - 292. What is the remainder when j is divided by 61?
57
Let j = -62 - -74. Suppose -3*c + 0*c = -57. Calculate the remainder when c is divided by j.
7
Let d = -32 + 138. Let y = -11 + d. Calculate the remainder when y is divided by 14.
11
Let x = -111 + 109. What is the remainder when 28 is divided by (-4 - -2)/x - (3 - 8)?
4
Let s(d) = 7*d - 112. Calculate the remainder when s(44) is divided by 9.
7
Suppose -6*d + 8*d = 3*r - 206, 2*d - 124 = -2*r. Calculate the remainder when 80 is divided by r.
14
Suppose 79 = 3*p - 8. What is the remainder when ((-340)/(-8))/((-2)/(-4)) is divided by p?
27
Let k = -81 + 96. Calculate the remainder when 30 is divided by k.
0
Let f = -13 + 14. Let g = f - -1. Calculate the remainder when 2 is divided by (11/(-33))/(g/(-12)).
0
Let l = 13 + -8. Suppose f = 5*f - 624. What is the remainder when f*(l/2)/5 is divided by 16?
14
Let q(c) = 18*c + 50. What is the remainder when q(0) is divided by 7?
1
Suppose -2*a = 2*d - 34, d + 0*d = a - 23. Let j = 140 + -137. Suppose -b = j*b - a. Calculate the remainder when 7 is divided by b.
2
Let k be (6/(-4))/(6/(-16)). Suppose 4*r = 5*h + 451, k*r - 545 = 3*h - 92. Suppose 0 = -8*s + 11*s - r. What is the remainder when s is divided by 13?
12
Let g(i) = -i**3 + 11*i**2 + 13*i + 11. Let z(y) = -9*y - 2. Calculate the remainder when z(-4) is divided by g(12).
11
Suppose -5*s + 2*s = -222. Let u be (30/60)/((-1)/96). Let t = s + u. What is the remainder when t is divided by 7?
5
Suppose -22*l + 21*l - 256 = -4*j, -j - l = -69. Calculate the remainder when 159 is divided by j.
29
Suppose -3*b = -2*h + 3*h - 5, 3*h + 12 = 0. Suppose 18 - 63 = -b*m. What is the remainder when 26 is divided by m?
11
Suppose -670 = -11*m + 23. Calculate the remainder when m is divided by 3.
0
Suppose 81 = -6*v + 5*v. Let p(j) = -4*j + 106. What is the remainder when (v/(-12))/((-1)/(-4)) is divided by p(23)?
13
Suppose 188 = 5*n - r, r = 3*r + 6. Let z = n - 4. Suppose -t - 2*v = -3*v - 21, z = 3*t + 3*v. What is the remainder when 63 is divided by t?
15
Calculate the remainder when 193 is divided by (81 - 6)/5 - -3.
13
Let h = -35 + 15. Suppose 2*d = 16 + 2. What is the remainder when (-476)/h - (-1)/5 is divided by d?
6
Suppose -3*a = -12 - 300. Let l = 130 - a. What is the remainder when 77 is divided by l?
25
Suppose 0 = -2*y + x - 4*x + 424, -662 = -3*y + 2*x. Let f = y - 126. Suppose 3*j - j - f = 0. What is the remainder when j is divided by 12?
10
Let f(i) = -2*i**2 + 45*i + 28. Suppose -2*j = m - 8, -4*j = 4*m - 8*m + 20. Calculate the remainder when m is divided by f(23).
1
Let t = -3 - -175. What is the remainder when t is divided by 45?
37
Let w = 468 + 176. Calculate the remainder when w is divided by 108.
104
Suppose p + p - 5*d = 187, -2*p + 211 = 3*d. What is the remainder when p is divided by (91/13)/((-5)/15*-1)?
17
Suppose h + 7*k - 5*k - 22 = 0, 0 = -4*h - 5*k + 76. Suppose -2*p + 3*m = -2*m - 185, -m + 191 = 2*p. What is the remainder when p is divided by h?
11
Suppose 5*p - 8*p + 5*h = -166, 4*p = -3*h + 231. Calculate the remainder when p is divided by 10.
7
Let i(m) = 111*m + 644. What is the remainder when i(-5) is divided by 51?
38
Let c(t) = t**2 + 36*t + 270. Calculate the remainder when c(-9) is divided by (0 - 17*-1) + -2.
12
Suppose -3*i = -5*r - 33, 20 = 4*r + 32. What is the remainder when 256 is divided by i?
4
Let y = -1 - -4. Suppose -y*x + 53 = -46. Suppose 37 = 4*j + c, 5*j - 48 = -2*c - 1. Calculate the remainder when x is divided by j.
6
Let b(l) = 2*l**3 - 21*l**2 + 12*l - 13. Let p be b(10). Suppose -w + 4*m = p*m - 34, -w = 2*m - 38. What is the remainder when 321 is divided by w?
45
Suppose -4*c + 2*a = -332, -4*c - 4*a + 332 = -3*a. What is the remainder when c is divided by 29?
25
Let b = 110 - 66. Suppose -b = -5*r + 16. What is the remainder when 59 is divided by r?
11
Suppose -r + n + 1 = -n, -2*n + 13 = r. Calculate the remainder when -1 + (-49)/(-1) - 0 is divided by 3*r + -15 + 11.
14
Let p = -41 + -73. Let r = 245 + p. Suppose 7*m = -12 + r. What is the remainder when m is divided by 5?
2
Suppose -7*u = 119 - 455. What is the remainder when 142 is divided by u?
46
Suppose 4*b + 11 = 55. Let c = -9 + 24. Suppose c*w = b*w + 348. Calculate the remainder when w is divided by 22.
21
Let g = 1 - -1. Suppose 1 = -m - 2*o, -2*o = -g*m - 0*o + 28. Let q(f) = 12*f - 11. Calculate the remainder when q(3) is divided by m.
7
Suppose 5*v - 2*v - 126 = -3*i, 0 = -2*i + v + 69. Suppose 2*c = 4*x - 280, 3*x - c - 64 - 148 = 0. What is the remainder when x is divided by i?
35
Let t be (-1*(-42)/(-6))/((-2)/(-2)). Let w(p) = p**2 - 7*p - 15. Calculate the remainder when w(t) is divided by 14.
13
What is the remainder when 124 is divided by (-54)/(-8) + (-3)/(-96)*8?
5
Suppose -43*o + 38*o - 4*z = -81, -o + 4*z = 3. Suppose -3*k + 3*p = 48 - 360, 4*k - 413 = 3*p. Calculate the remainder when k is divided by o.
10
Let c = -296 - -300. Calculate the remainder when 8 is divided by c.
0
Let p = 221 + -150. What is the remainder when p is divided by 27?
17
Let u(v) = -2*v + 40. Let t = 30 + -30. What is the remainder when u(t) is divided by (-4)/(-3)*(-21)/(-2)?
12
Let v be -3 - (-1 + (-24)/(-2)). Let h = v - -27. Calculate the remainder when 64 is divided by h.
12
Let c = 13 - -2. Calculate the remainder when (1 - (-177)/(-3))*11/(-22) is divided by c.
14
Let o = 15 + -4. Let d be 2*19*3/6. Calculate the remainder when -1 + 3 + (d - 2) is divided by o.
8
Let i = 10 - -5. What is the remainder when ((-458)/(-18) - (-36)/(-81)) + 0 is divided by i?
10
Let m(i) = -15*i**2 - i**3 - 7 - 18 - 12 + 14*i + 8. What is the remainder when 6 is divided by m(-16)?
0
Suppose 5*d = -5*v + 60, -7*v - 16 = -d - 9*v. Suppose 20 + d = 14*u. What is the remainder when u is divided by 1?
0
Let j = -624 - -881. What is the remainder when j is divided by 26?
23
Suppose 0 = -5*b - 332 - 138. Let t = 105 + b. What is the remainder when 20 is divided by t?
9
Let n = 148 + -146. Suppose -4*f - 5*w = -0*w - 155, 95 = n*f - w. Calculate the remainder when f is divided by 17.
11
Let n(x) = -x**3 + 14*x**2 - 19*x - 29. Suppose -5 = 5*m, 4*u + m - 4*m = 51. What is the remainder when 185 is divided by n(u)?
30
Let j(z) = z**2. Let m be (-5)/15*-1*9. Suppose 2*h = -m*v - 1, 3*h + 5*v = 4*h + 7. Calculate the remainder when 5 is divided by j(h).
1
Let i(v) = 7*v**2 + 2*v + 1. Let u be i(-1). Suppose u*x - 3*x + 2*g - 221 = 0, -5*x - 5*g + 370 = 0. Calculate the remainder when x is divided by 25.
23
Suppose -6 = 4*b + 34. What is the remainder when 50 is divided by (-55)/b + -5 + (-110)/(-4)?
22
Let u(q) = -145*q**3 + 3*q**2 - 2. What is the remainder when u(-1) is divided by 75?
71
Suppose -1 = -7*n + 6. What is the remainder when 115 is divided by (4 - 6)*(n - (-15)/